mmon factor of 15 and z?
5
Suppose -259*n = -362*n + 435072. What is the highest common factor of n and 165?
33
Let z be 13/((-130)/80) + 56. What is the highest common divisor of z and 60?
12
Let y = 201 + -204. Let g be (-11)/y + (50/6 - 9). What is the greatest common factor of g and 39?
3
Suppose -4*v = -v - 9. Suppose 0 = -v*a + 20 + 22. Suppose -37 - 103 = -5*l. What is the greatest common divisor of l and a?
14
Let f(b) = 60*b**2 + 2 + 3 - 61*b**2 - 10*b**3 - b - 2. Let p be f(-2). Suppose -43*q = -44*q + 9. Calculate the greatest common divisor of q and p.
9
Suppose 0 = p + 5*b - 28, -3*p - 2*p = -3*b - 252. Suppose -2*c - 52 = -4*c - 4*j, -4*j = -c + 20. Calculate the greatest common factor of c and p.
24
Suppose g - 469 = -4*x, -4*x - 1796 = -13*g + 9*g. Let k = 460 - g. What is the greatest common factor of k and 7?
7
Suppose 4*t - 7 = 5*g, 3*g + 7 = 4*t - 2. Suppose 46*n - t = 43*n. Suppose 12 - 10 = 2*i. Calculate the highest common factor of i and n.
1
Let j be (-8)/(1/291*(-96 - -93)). What is the greatest common divisor of 679 and j?
97
Suppose 0 = w + 5*f - 15340, 1826*f = 2*w + 1824*f - 30764. What is the highest common divisor of 1125 and w?
375
Let o be 1/(3/(-10530)*-13). What is the highest common divisor of o and 63?
9
Let l = -26634 + 27674. What is the greatest common factor of 6630 and l?
130
Suppose 8 - 23 = 4*q - 3*t, -5*t - 45 = 5*q. Let d be -4 - 2*(-99)/q. Let f = -2 - d. Calculate the highest common factor of 14 and f.
7
Suppose 4*w + 2*o = -2*o - 264, -2*o + 128 = -2*w. Suppose -122 = -0*y + y + 3*f, 4*y = f - 462. Let h = w - y. What is the highest common divisor of 204 and h?
51
Let f(o) = 126*o**2 - 2*o + 4. Let s be f(-2). Calculate the highest common factor of s and 4.
4
Let a(h) = -h**3 + h**2 + 30*h + 61. Let o be a(-5). What is the highest common factor of o and 2?
1
Let x = -57 + 61. Suppose 2*n + q - 32 = 5*q, x*n - 60 = 4*q. Suppose -4*b = -b - 378. What is the highest common divisor of b and n?
14
Let i = 37 - 69. Let c be (-24)/i - (-1082)/8. Suppose -4*r + c + 140 = 0. What is the greatest common factor of 46 and r?
23
Let d(n) = 10*n - 10. Suppose 15 = -2*p + 5*p. Let v be d(p). Let i = 2 - -14. Calculate the highest common divisor of v and i.
8
Suppose 3*w - 3118 = 4*q, -4*q = 4*w - 2*w - 2092. Suppose 2*v = -2*o + 418, -18*o + 13*o = 2*v - w. Calculate the highest common divisor of o and 48.
16
Let m(d) = -d**3 - 13*d**2 - 5*d + 15. Let w be m(-13). What is the greatest common divisor of 288 and w?
16
Let x = 3864 - 3814. Calculate the highest common divisor of 1210 and x.
10
Suppose 9*j = -312 + 7323. Suppose 0 = z - 785 + j. What is the greatest common factor of 78 and z?
6
Suppose 19 - 107 = 4*t - 5*c, 0 = -3*t - 5*c - 31. Let a = 49 + t. Suppose 4*o = -u + 161, -o - 3*u = -0*o - a. What is the greatest common divisor of 41 and o?
41
Suppose -u = 2*n - 16 + 3, -3*u = 9. Suppose -3*i - 4*b = -n*i + 59, 2*i - 17 = -5*b. What is the greatest common factor of 341 and i?
11
Let a = -44301 - -44317. Let f be (-2)/4 - 2/(-4). Suppose f = -b + 18 + 22. Calculate the greatest common divisor of a and b.
8
Let a be 5 - (-89)/(-13) - (-8)/(-52). Let q(w) = 44*w**2 + 3*w + 5. Let t be q(a). Calculate the greatest common divisor of t and 100.
25
Let y = -14 - -25. Suppose -303 = n - 2*h, -3*n = 2*n - 5*h + 1490. Let c = -205 - n. What is the highest common factor of c and y?
11
Let x(g) = 6*g**2 + 1249*g + 17201. Let v be x(-14). Calculate the greatest common factor of 451 and v.
11
Let u(m) = -42*m + 674. Let p be u(15). Suppose -4 = -6*f + 7*f. Let j be 21 + 12/(-4) - f. What is the greatest common divisor of p and j?
22
Let w(y) = -2*y. Let j(z) = z + 71. Let d(o) = -j(o) - 5*w(o). Let s be d(15). What is the greatest common factor of 8 and s?
8
Suppose -2*w + 10 = -18. Suppose 7*v - w = -154. Let m be -1 + 5/(v/(-16)). What is the greatest common divisor of m and 2?
1
Let y = -525 + 1922. What is the greatest common divisor of y and 11?
11
Let d(r) = -87*r - 333. Let c be d(-4). What is the greatest common divisor of 4285 and c?
5
Let t(s) = -s + 21. Let x be t(14). Suppose -37*i + 20 = -32*i. Suppose 3*p = 3*b + 6, i*p = -5*b - 1 - 0. What is the greatest common factor of p and x?
1
Suppose 80*u - 78*u + 10 = 0, 3*i - 3*u - 99 = 0. Let w(f) = -71*f**3 - 2*f**2 - 2*f - 1. Let y be w(-1). What is the highest common factor of i and y?
14
Let z(q) = 111 - 69*q - 231 + 117. Let f be z(-1). Suppose 2*g = -3*a + 6 + 3, -16 = -3*g - 2*a. What is the highest common divisor of g and f?
6
Suppose -44*j + 43*j + 5019 = 3*i, 5*i - 7*j = 8313. Calculate the highest common factor of i and 3.
3
Let c(f) = -8*f**2 + 269*f - 26. Let i be c(31). What is the greatest common divisor of i and 225?
25
Let n = 48197 + -48179. Let t(v) = -v**3 + 6*v**2 + 7*v + 9. Let g be t(7). What is the highest common factor of n and g?
9
Let c be 134/4 - 12/(-8). Suppose 2*f + 350 = 4*f. What is the greatest common factor of c and f?
35
Let k(j) = -j**2 - 10*j - 27. Let f be k(-5). Let m be (10/20)/((-5)/f - 2). Calculate the highest common factor of m and 9.
1
Suppose -16*o - 91 = -43. Let y(v) = v**3 + 5 + 8 - 6 - v + 5*v**2. Let i be y(o). What is the greatest common factor of i and 98?
14
Let j be ((-51322)/(-2298))/(1*1/3). What is the greatest common factor of 6097 and j?
67
Let z be 14*(-3)/(-336) + 37553/376. Suppose 0*f - 247 = -2*t + f, 4*f = 12. What is the highest common divisor of t and z?
25
Suppose 0 = -6*w + 6*w + 4*w. Let q be (-1)/3 + ((-1940)/(-15) - w). Calculate the greatest common divisor of 86 and q.
43
Let y(p) = -2*p**2 + 40*p - 173. Let x be y(10). Suppose -3*u + 654 = 2*n, 3*n - 559 = -3*u + 98. Calculate the highest common factor of x and u.
27
Suppose -138*x + 96 = -135*x + 4*c, 0 = -x + 2*c + 52. Suppose -3*u = -5*j - 8*u + 90, 5*j = 4*u + 72. What is the greatest common divisor of j and x?
8
Let v = -8 + 10. Let a be 130/4 - v/(-4). What is the highest common divisor of 33 and a?
33
Let v(t) = 9*t**2 + 34*t - 8. Let h be v(10). Suppose 0 = 6*r + 10*r - h. Calculate the highest common divisor of r and 21.
7
Let n = 18646 - 17293. Calculate the greatest common divisor of n and 3936.
123
Suppose 70 = 5*b + 340. Let c be 3592/36 - 12/b. Suppose 7*h = 2*g + 4*h - 55, -g - 5*h - 5 = 0. Calculate the greatest common divisor of c and g.
20
Let u be (-5 + 4)/(3 - 88/28). Let p be -4 + (306/6 - u). What is the highest common divisor of 280 and p?
40
Suppose -18*u + 1002 = -976 - 182. What is the highest common factor of u and 450?
30
Let t be 2 + -2 - ((0 - 1) + 42). Let c = t - -47. Suppose 8*u = c*u + 8. Calculate the greatest common factor of 20 and u.
4
Let f(k) = -27*k + 149. Let x(g) = -9*g + 50. Let i(z) = -6*f(z) + 17*x(z). Let q be i(6). Calculate the greatest common divisor of q and 50.
10
Let j(q) = -248*q - 300. Let d be j(-2). Calculate the greatest common factor of 12 and d.
4
Suppose 11 = -u - 4*j, 3*u + 51 - 130 = 4*j. Calculate the highest common divisor of 1921 and u.
17
Suppose 2*y + 5*n = 38, -4*y + 100 = n - 3*n. Let c be 2/(-8) - -1*558/y. Calculate the highest common divisor of 115 and c.
23
Suppose -h = -n - n + 8, 0 = 4*h + 3*n - 1. Let y be (-1 - 7/h)*52. Suppose 4*a = 310 + y. Calculate the highest common factor of 44 and a.
22
Let o = 2970 - 2950. Suppose 111 = 5*p - 2*p - 3*l, -p + 2*l + 36 = 0. Let q = p + 12. Calculate the greatest common factor of o and q.
10
Suppose -2*h = 6*h - 16. Suppose -4*j - j = -4*y - 599, h*j + 2*y = 236. Let z = j + -89. What is the highest common divisor of z and 50?
10
Let h = -17557 - -17561. Let d = -12 + 20. Suppose -4*w = -2*n + w + 15, n - 2*w = d. What is the greatest common factor of n and h?
2
Let h(r) = -r**3 + 11*r**2 - 12*r + 21. Suppose -10*c = -58 - 42. Let m be h(c). Calculate the highest common factor of m and 6.
1
Suppose -339 = -5*x - t - 59, 2*x - 4*t - 112 = 0. Let i be 1776/x - (-1 - 10/(-14)). Calculate the highest common divisor of 48 and i.
16
Suppose 8*n = -8 - 56. Let o = 6 - n. Suppose 3*t = 3, 5*v - 31 = 3*t - o. Calculate the greatest common divisor of v and 6.
2
Let n(v) = -v + 2. Let r(g) = 40*g + 11. Let w(u) = 6*n(u) + r(u). Let p be w(10). Calculate the highest common factor of p and 33.
33
Suppose -8 = 10*f - 8*f. Let 